{"id":22,"date":"2024-07-22T12:18:03","date_gmt":"2024-07-22T10:18:03","guid":{"rendered":"https:\/\/jfn-univ.com\/?page_id=22"},"modified":"2025-06-23T12:30:55","modified_gmt":"2025-06-23T11:30:55","slug":"certification","status":"publish","type":"page","link":"https:\/\/jfn-univ.com\/index.php\/certification\/","title":{"rendered":"Certification"},"content":{"rendered":"<p>[et_pb_section fb_built=\u00a0\u00bb1&Prime; _builder_version=\u00a0\u00bb4.26.1&Prime; _module_preset=\u00a0\u00bbdefault\u00a0\u00bb background_image=\u00a0\u00bbhttps:\/\/jfn-univ.com\/wp-content\/uploads\/2025\/06\/banner-ecoles-Recupere-web-design-copie-3.jpg\u00a0\u00bb hover_enabled=\u00a0\u00bb0&Prime; global_colors_info=\u00a0\u00bb{}\u00a0\u00bb title_text=\u00a0\u00bbbanner ecoles-R\u00e9cup\u00e9r\u00e9 web design copie 3&Prime; sticky_enabled=\u00a0\u00bb0&Prime;][et_pb_row _builder_version=\u00a0\u00bb4.26.1&Prime; _module_preset=\u00a0\u00bbdefault\u00a0\u00bb global_colors_info=\u00a0\u00bb{}\u00a0\u00bb][et_pb_column type=\u00a0\u00bb4_4&Prime; _builder_version=\u00a0\u00bb4.26.1&Prime; _module_preset=\u00a0\u00bbdefault\u00a0\u00bb global_colors_info=\u00a0\u00bb{}\u00a0\u00bb][\/et_pb_column][\/et_pb_row][\/et_pb_section][et_pb_section fb_built=\u00a0\u00bb1&Prime; _builder_version=\u00a0\u00bb4.26.1&Prime; _module_preset=\u00a0\u00bbdefault\u00a0\u00bb global_colors_info=\u00a0\u00bb{}\u00a0\u00bb][et_pb_row _builder_version=\u00a0\u00bb4.26.1&Prime; _module_preset=\u00a0\u00bbdefault\u00a0\u00bb global_colors_info=\u00a0\u00bb{}\u00a0\u00bb][et_pb_column type=\u00a0\u00bb4_4&Prime; _builder_version=\u00a0\u00bb4.26.1&Prime; _module_preset=\u00a0\u00bbdefault\u00a0\u00bb global_colors_info=\u00a0\u00bb{}\u00a0\u00bb][df_adh_heading title_prefix=\u00a0\u00bbNOS CERTIFICATIONS\u00a0\u00bb _builder_version=\u00a0\u00bb4.26.1&Prime; _module_preset=\u00a0\u00bbdefault\u00a0\u00bb t_prefix_font=\u00a0\u00bbPoppins|600|||||||\u00a0\u00bb t_prefix_text_color=\u00a0\u00bb#a4213c\u00a0\u00bb global_colors_info=\u00a0\u00bb{}\u00a0\u00bb][\/df_adh_heading][et_pb_text _builder_version=\u00a0\u00bb4.26.1&Prime; _module_preset=\u00a0\u00bbdefault\u00a0\u00bb text_orientation=\u00a0\u00bbcenter\u00a0\u00bb global_colors_info=\u00a0\u00bb{}\u00a0\u00bb]<\/p>\n<p>D\u00e9couvrez notre gamme compl\u00e8te de certifications con\u00e7ues pour propulser votre carri\u00e8re vers de nouveaux sommets. Que vous cherchiez \u00e0 affiner vos comp\u00e9tences techniques, \u00e0 acqu\u00e9rir une expertise sp\u00e9cialis\u00e9e ou \u00e0 vous pr\u00e9parer \u00e0 relever les d\u00e9fis du monde professionnel en constante \u00e9volution, nos programmes de certification offrent les connaissances et la reconnaissance n\u00e9cessaires pour exceller dans votre domaine. Rejoignez-nous d\u00e8s maintenant et donner un nouvelle dimension \u00e0 votre carri\u00e8re professionnelle gr\u00e2ce nos certifications de pointes.<\/p>\n<p>[\/et_pb_text][\/et_pb_column][\/et_pb_row][et_pb_row _builder_version=\u00a0\u00bb4.26.1&Prime; _module_preset=\u00a0\u00bbdefault\u00a0\u00bb global_colors_info=\u00a0\u00bb{}\u00a0\u00bb][et_pb_column type=\u00a0\u00bb4_4&Prime; _builder_version=\u00a0\u00bb4.26.1&Prime; _module_preset=\u00a0\u00bbdefault\u00a0\u00bb global_colors_info=\u00a0\u00bb{}\u00a0\u00bb][difl_contentcarousel item_spacing=\u00a0\u00bb36px\u00a0\u00bb loop=\u00a0\u00bbon\u00a0\u00bb arrow=\u00a0\u00bbon\u00a0\u00bb dots=\u00a0\u00bbon\u00a0\u00bb title_order=\u00a0\u00bb1&Prime; arrow_color=\u00a0\u00bb#FFFFFF\u00a0\u00bb arrow_background=\u00a0\u00bb#a08237&Prime; large_active_dot=\u00a0\u00bbon\u00a0\u00bb dots_color=\u00a0\u00bb#a08237&Prime; active_dots_color=\u00a0\u00bb#a08237&Prime; cc_button_button_align=\u00a0\u00bbleft\u00a0\u00bb df_button_bg_bgcolor=\u00a0\u00bb#FFFFFF\u00a0\u00bb button_wrapper_margin=\u00a0\u00bb30px||||false|false\u00a0\u00bb button_wrapper_margin_tablet=\u00a0\u00bb25px||||false|false\u00a0\u00bb button_wrapper_margin_phone=\u00a0\u00bb20px||||false|false\u00a0\u00bb button_wrapper_margin_last_edited=\u00a0\u00bbon|tablet\u00a0\u00bb button_padding=\u00a0\u00bb12px|24px|12px|24px|true|true\u00a0\u00bb button_padding_tablet=\u00a0\u00bb10px|20px|10px|20px|true|true\u00a0\u00bb button_padding_phone=\u00a0\u00bb10px|20px|10px|20px|true|true\u00a0\u00bb button_padding_last_edited=\u00a0\u00bbon|tablet\u00a0\u00bb wrapper_padding=\u00a0\u00bb0px||||false|false\u00a0\u00bb item_wrapper_padding=\u00a0\u00bb30px|30px|30px|30px|true|true\u00a0\u00bb item_wrapper_padding_tablet=\u00a0\u00bb25px|25px|25px|25px|true|true\u00a0\u00bb item_wrapper_padding_phone=\u00a0\u00bb20px|20px|20px|20px|true|true\u00a0\u00bb item_wrapper_padding_last_edited=\u00a0\u00bbon|tablet\u00a0\u00bb title_margin=\u00a0\u00bb||33px||false|false\u00a0\u00bb title_margin_tablet=\u00a0\u00bb||25px||false|false\u00a0\u00bb title_margin_phone=\u00a0\u00bb||20px||false|false\u00a0\u00bb title_margin_last_edited=\u00a0\u00bbon|tablet\u00a0\u00bb title_padding=\u00a0\u00bb0px|0px|0px|0px|true|false\u00a0\u00bb content_margin=\u00a0\u00bb30px||||false|false\u00a0\u00bb content_margin_tablet=\u00a0\u00bb25px||||false|false\u00a0\u00bb content_margin_phone=\u00a0\u00bb20px||||false|false\u00a0\u00bb content_margin_last_edited=\u00a0\u00bbon|tablet\u00a0\u00bb item_spacing_tablet=\u00a0\u00bb28px\u00a0\u00bb item_spacing_phone=\u00a0\u00bb20px\u00a0\u00bb item_spacing_last_edited=\u00a0\u00bbon|tablet\u00a0\u00bb _builder_version=\u00a0\u00bb4.26.1&Prime; _module_preset=\u00a0\u00bbdefault\u00a0\u00bb cc_title_font=\u00a0\u00bbPoppins|600|||||||\u00a0\u00bb cc_title_text_color=\u00a0\u00bb#0A0226&Prime; cc_title_font_size=\u00a0\u00bb20px\u00a0\u00bb cc_title_letter_spacing=\u00a0\u00bb0.5px\u00a0\u00bb cc_content_font=\u00a0\u00bbPoppins||||||||\u00a0\u00bb cc_content_text_color=\u00a0\u00bb#0A0226&Prime; cc_content_font_size=\u00a0\u00bb16px\u00a0\u00bb cc_content_letter_spacing=\u00a0\u00bb0.5px\u00a0\u00bb button_font=\u00a0\u00bbPoppins|600|||||||\u00a0\u00bb button_text_align=\u00a0\u00bbcenter\u00a0\u00bb button_text_color=\u00a0\u00bb#824DEB\u00a0\u00bb button_font_size=\u00a0\u00bb15px\u00a0\u00bb button_letter_spacing=\u00a0\u00bb0.5px\u00a0\u00bb cc_title_font_size_tablet=\u00a0\u00bb18px\u00a0\u00bb cc_title_font_size_phone=\u00a0\u00bb16px\u00a0\u00bb cc_title_font_size_last_edited=\u00a0\u00bbon|tablet\u00a0\u00bb cc_content_font_size_tablet=\u00a0\u00bb15px\u00a0\u00bb cc_content_font_size_phone=\u00a0\u00bb14px\u00a0\u00bb cc_content_font_size_last_edited=\u00a0\u00bbon|tablet\u00a0\u00bb button_font_size_tablet=\u00a0\u00bb15px\u00a0\u00bb button_font_size_phone=\u00a0\u00bb14px\u00a0\u00bb button_font_size_last_edited=\u00a0\u00bbon|phone\u00a0\u00bb border_radii=\u00a0\u00bbon|12px|12px|12px|12px\u00a0\u00bb border_radii_button=\u00a0\u00bbon|99px|99px|99px|99px\u00a0\u00bb box_shadow_style=\u00a0\u00bbpreset1&Prime; box_shadow_vertical=\u00a0\u00bb8px\u00a0\u00bb box_shadow_blur=\u00a0\u00bb12px\u00a0\u00bb box_shadow_spread=\u00a0\u00bb2px\u00a0\u00bb box_shadow_color=\u00a0\u00bbrgba(130,77,235,0.04)\u00a0\u00bb box_shadow_style_button=\u00a0\u00bbpreset1&Prime; box_shadow_vertical_button=\u00a0\u00bb4px\u00a0\u00bb box_shadow_blur_button=\u00a0\u00bb8px\u00a0\u00bb box_shadow_color_button=\u00a0\u00bbrgba(0,0,0,0.06)\u00a0\u00bb locked=\u00a0\u00bboff\u00a0\u00bb global_colors_info=\u00a0\u00bb{}\u00a0\u00bb df_button_bg_bgcolor__hover_enabled=\u00a0\u00bbon|hover\u00a0\u00bb df_button_bg_bgcolor__hover=\u00a0\u00bb#824DEB\u00a0\u00bb button_text_color__hover_enabled=\u00a0\u00bbon|desktop\u00a0\u00bb button_text_color__hover=\u00a0\u00bb#FFFFFF\u00a0\u00bb][difl_contentcarouselitem title=\u00a0\u00bbCloud\u00a0\u00bb sub_title=\u00a0\u00bbJFN-HUI\u00a0\u00bb df_cci_image=\u00a0\u00bbhttps:\/\/jfn-univ.com\/wp-content\/uploads\/2025\/03\/image-universelle.jpg\u00a0\u00bb cc_button_button_text=\u00a0\u00bbD\u00e9couvrir\u00a0\u00bb cc_button_button_url=\u00a0\u00bbhttps:\/\/jfn-univ.com\/?page_id=279685&Prime; cc_button_button_url_new_window=\u00a0\u00bbon\u00a0\u00bb df_button_bg_bgcolor=\u00a0\u00bb#a08237&Prime; _builder_version=\u00a0\u00bb4.26.1&Prime; _module_preset=\u00a0\u00bbdefault\u00a0\u00bb cc_title_text_color=\u00a0\u00bb#a4213c\u00a0\u00bb cc_subtitle_text_color=\u00a0\u00bb#a08237&Prime; button_text_align=\u00a0\u00bbcenter\u00a0\u00bb button_text_color=\u00a0\u00bb#FFFFFF\u00a0\u00bb background_color=\u00a0\u00bb#FFFFFF\u00a0\u00bb background_enable_color=\u00a0\u00bbon\u00a0\u00bb border_radii_button=\u00a0\u00bbon|11px|11px|11px|11px\u00a0\u00bb box_shadow_style=\u00a0\u00bbpreset2&Prime; global_colors_info=\u00a0\u00bb{}\u00a0\u00bb]<\/p>\n<p>La certification Cloud, c&rsquo;est l&rsquo;assurance d&rsquo;une expertise reconnue. Elle ouvre les portes de nouvelles opportunit\u00e9s professionnelles en vous positionnant comme un expert des technologies du cloud. Valorisez votre carri\u00e8re et acc\u00e9dez \u00e0 des postes \u00e0 haute valeur ajout\u00e9e.<\/p>\n<p>[\/difl_contentcarouselitem][difl_contentcarouselitem title=\u00a0\u00bbProgrammation\u00a0\u00bb sub_title=\u00a0\u00bbJFN-HUI\u00a0\u00bb df_cci_image=\u00a0\u00bbhttps:\/\/jfn-univ.com\/wp-content\/uploads\/2025\/03\/image-universelle.jpg\u00a0\u00bb cc_button_button_text=\u00a0\u00bbD\u00e9couvrir\u00a0\u00bb cc_button_button_url=\u00a0\u00bbhttps:\/\/jfn-univ.com\/?page_id=279687&Prime; cc_button_button_url_new_window=\u00a0\u00bbon\u00a0\u00bb df_button_bg_bgcolor=\u00a0\u00bb#a08237&Prime; _builder_version=\u00a0\u00bb4.26.1&Prime; _module_preset=\u00a0\u00bbdefault\u00a0\u00bb cc_title_text_color=\u00a0\u00bb#a4213c\u00a0\u00bb cc_subtitle_text_color=\u00a0\u00bb#a08237&Prime; button_text_align=\u00a0\u00bbcenter\u00a0\u00bb button_text_color=\u00a0\u00bb#FFFFFF\u00a0\u00bb background_color=\u00a0\u00bb#FFFFFF\u00a0\u00bb background_enable_color=\u00a0\u00bbon\u00a0\u00bb border_radii_button=\u00a0\u00bbon|11px|11px|11px|11px\u00a0\u00bb box_shadow_style=\u00a0\u00bbpreset2&Prime; global_colors_info=\u00a0\u00bb{}\u00a0\u00bb]<\/p>\n<p>La certification en programmation, c&rsquo;est l&rsquo;assurance d&rsquo;un niveau d&rsquo;expertise reconnu, d&rsquo;opportunit\u00e9s d&#8217;emploi accrues et d&rsquo;un salaire plus comp\u00e9titif. C&rsquo;est l&rsquo;atout indispensable pour se d\u00e9marquer dans un secteur en constante \u00e9volution.<\/p>\n<p>[\/difl_contentcarouselitem][difl_contentcarouselitem title=\u00a0\u00bbR\u00e9seaux Informatique\u00a0\u00bb sub_title=\u00a0\u00bbJFN-HUI\u00a0\u00bb df_cci_image=\u00a0\u00bbhttps:\/\/jfn-univ.com\/wp-content\/uploads\/2025\/03\/image-universelle.jpg\u00a0\u00bb cc_button_button_text=\u00a0\u00bbD\u00e9couvrir\u00a0\u00bb cc_button_button_url=\u00a0\u00bbhttps:\/\/jfn-univ.com\/?page_id=279689&Prime; cc_button_button_url_new_window=\u00a0\u00bbon\u00a0\u00bb df_button_bg_bgcolor=\u00a0\u00bb#a08237&Prime; _builder_version=\u00a0\u00bb4.26.1&Prime; _module_preset=\u00a0\u00bbdefault\u00a0\u00bb cc_title_text_color=\u00a0\u00bb#a4213c\u00a0\u00bb cc_subtitle_text_color=\u00a0\u00bb#a08237&Prime; button_text_align=\u00a0\u00bbcenter\u00a0\u00bb button_text_color=\u00a0\u00bb#FFFFFF\u00a0\u00bb background_color=\u00a0\u00bb#FFFFFF\u00a0\u00bb background_enable_color=\u00a0\u00bbon\u00a0\u00bb border_radii_button=\u00a0\u00bbon|11px|11px|11px|11px\u00a0\u00bb box_shadow_style=\u00a0\u00bbpreset2&Prime; global_colors_info=\u00a0\u00bb{}\u00a0\u00bb]<\/p>\n<p>Une certification en r\u00e9seaux, c&rsquo;est l&rsquo;assurance d&rsquo;un avenir num\u00e9rique solide. Elle valide vos comp\u00e9tences, ouvre les portes de nouvelles opportunit\u00e9s et vous positionne comme un expert dans un domaine en constante \u00e9volution.<\/p>\n<p>[\/difl_contentcarouselitem][difl_contentcarouselitem title=\u00a0\u00bbA\u00e9rospatial \u00a0\u00bb sub_title=\u00a0\u00bbJFN-HUI\u00a0\u00bb df_cci_image=\u00a0\u00bbhttps:\/\/jfn-univ.com\/wp-content\/uploads\/2025\/03\/image-universelle.jpg\u00a0\u00bb cc_button_button_text=\u00a0\u00bbD\u00e9couvrir\u00a0\u00bb cc_button_button_url=\u00a0\u00bbhttps:\/\/jfn-univ.com\/?page_id=279691&Prime; cc_button_button_url_new_window=\u00a0\u00bbon\u00a0\u00bb df_button_bg_bgcolor=\u00a0\u00bb#a08237&Prime; _builder_version=\u00a0\u00bb4.26.1&Prime; _module_preset=\u00a0\u00bbdefault\u00a0\u00bb cc_title_text_color=\u00a0\u00bb#a4213c\u00a0\u00bb cc_subtitle_text_color=\u00a0\u00bb#a08237&Prime; button_text_align=\u00a0\u00bbcenter\u00a0\u00bb button_text_color=\u00a0\u00bb#FFFFFF\u00a0\u00bb background_color=\u00a0\u00bb#FFFFFF\u00a0\u00bb background_enable_color=\u00a0\u00bbon\u00a0\u00bb border_radii_button=\u00a0\u00bbon|11px|11px|11px|11px\u00a0\u00bb box_shadow_style=\u00a0\u00bbpreset2&Prime; global_colors_info=\u00a0\u00bb{}\u00a0\u00bb]<\/p>\n<p>Envisagez-vous une carri\u00e8re dans l&rsquo;a\u00e9rospatial ? Une certification vous ouvre les portes d&rsquo;un secteur en constante \u00e9volution. B\u00e9n\u00e9ficiez d&rsquo;une expertise reconnue, d\u00e9veloppez des comp\u00e9tences pointues et rejoignez une communaut\u00e9 d&rsquo;innovateurs.<\/p>\n<p>[\/difl_contentcarouselitem][difl_contentcarouselitem title=\u00a0\u00bbLeadership &#038; Entrepreneurship \u00a0\u00bb sub_title=\u00a0\u00bbJFN-HUI\u00a0\u00bb df_cci_image=\u00a0\u00bbhttps:\/\/jfn-univ.com\/wp-content\/uploads\/2025\/03\/image-universelle.jpg\u00a0\u00bb cc_button_button_text=\u00a0\u00bbD\u00e9couvrir\u00a0\u00bb cc_button_button_url=\u00a0\u00bbhttps:\/\/jfn-univ.com\/?page_id=279693&Prime; cc_button_button_url_new_window=\u00a0\u00bbon\u00a0\u00bb df_button_bg_bgcolor=\u00a0\u00bb#a08237&Prime; _builder_version=\u00a0\u00bb4.26.1&Prime; _module_preset=\u00a0\u00bbdefault\u00a0\u00bb cc_title_text_color=\u00a0\u00bb#a4213c\u00a0\u00bb cc_subtitle_text_color=\u00a0\u00bb#a08237&Prime; button_text_align=\u00a0\u00bbcenter\u00a0\u00bb button_text_color=\u00a0\u00bb#FFFFFF\u00a0\u00bb background_color=\u00a0\u00bb#FFFFFF\u00a0\u00bb background_enable_color=\u00a0\u00bbon\u00a0\u00bb border_radii_button=\u00a0\u00bbon|11px|11px|11px|11px\u00a0\u00bb box_shadow_style=\u00a0\u00bbpreset2&Prime; global_colors_info=\u00a0\u00bb{}\u00a0\u00bb]<\/p>\n<p>Une certification en Leadership &amp; Entrepreneurship, c&rsquo;est l&rsquo;opportunit\u00e9 de booster votre carri\u00e8re ! D\u00e9veloppez vos comp\u00e9tences en gestion, en innovation et en strat\u00e9gie pour devenir un leader inspirant et un entrepreneur accompli.<\/p>\n<p>[\/difl_contentcarouselitem][\/difl_contentcarousel][\/et_pb_column][\/et_pb_row][\/et_pb_section][et_pb_section fb_built=\u00a0\u00bb1&Prime; _builder_version=\u00a0\u00bb4.26.1&Prime; _module_preset=\u00a0\u00bbdefault\u00a0\u00bb background_color=\u00a0\u00bb#a08237&Prime; global_module=\u00a0\u00bb915&Prime; locked=\u00a0\u00bboff\u00a0\u00bb global_colors_info=\u00a0\u00bb{}\u00a0\u00bb][et_pb_row _builder_version=\u00a0\u00bb4.26.1&Prime; _module_preset=\u00a0\u00bbdefault\u00a0\u00bb global_colors_info=\u00a0\u00bb{}\u00a0\u00bb][et_pb_column type=\u00a0\u00bb4_4&Prime; _builder_version=\u00a0\u00bb4.26.1&Prime; _module_preset=\u00a0\u00bbdefault\u00a0\u00bb global_colors_info=\u00a0\u00bb{}\u00a0\u00bb][et_pb_text _builder_version=\u00a0\u00bb4.26.1&Prime; _module_preset=\u00a0\u00bbdefault\u00a0\u00bb text_font=\u00a0\u00bbPoppins|700|||||||\u00a0\u00bb text_text_color=\u00a0\u00bb#000000&Prime; text_font_size=\u00a0\u00bb29px\u00a0\u00bb text_orientation=\u00a0\u00bbcenter\u00a0\u00bb global_colors_info=\u00a0\u00bb{}\u00a0\u00bb]<\/p>\n<p>En Savoir Plus ?<\/p>\n<p>[\/et_pb_text][et_pb_text _builder_version=\u00a0\u00bb4.26.1&Prime; _module_preset=\u00a0\u00bbdefault\u00a0\u00bb text_font=\u00a0\u00bbPoppins|500|||||||\u00a0\u00bb text_text_color=\u00a0\u00bb#FFFFFF\u00a0\u00bb header_font=\u00a0\u00bb|600|||||||\u00a0\u00bb header_4_font=\u00a0\u00bb|600|||||||\u00a0\u00bb text_orientation=\u00a0\u00bbcenter\u00a0\u00bb custom_margin=\u00a0\u00bb-24px||||false|false\u00a0\u00bb global_colors_info=\u00a0\u00bb{}\u00a0\u00bb]<\/p>\n<h4>Demandez une documentation !<\/h4>\n<p>[\/et_pb_text][\/et_pb_column][\/et_pb_row][et_pb_row _builder_version=\u00a0\u00bb4.26.1&Prime; _module_preset=\u00a0\u00bbdefault\u00a0\u00bb width=\u00a0\u00bb44%\u00a0\u00bb width_tablet=\u00a0\u00bb44%\u00a0\u00bb width_phone=\u00a0\u00bb90%\u00a0\u00bb width_last_edited=\u00a0\u00bbon|phone\u00a0\u00bb max_width=\u00a0\u00bb1087px\u00a0\u00bb module_alignment=\u00a0\u00bbcenter\u00a0\u00bb custom_margin=\u00a0\u00bb-58px||||false|false\u00a0\u00bb global_colors_info=\u00a0\u00bb{}\u00a0\u00bb][et_pb_column type=\u00a0\u00bb4_4&Prime; _builder_version=\u00a0\u00bb4.26.1&Prime; _module_preset=\u00a0\u00bbdefault\u00a0\u00bb global_colors_info=\u00a0\u00bb{}\u00a0\u00bb][difl_wpforms wpforms=\u00a0\u00bb280272&Prime; _builder_version=\u00a0\u00bb4.26.1&Prime; _module_preset=\u00a0\u00bbdefault\u00a0\u00bb global_colors_info=\u00a0\u00bb{}\u00a0\u00bb][\/difl_wpforms][\/et_pb_column][\/et_pb_row][\/et_pb_section]<\/p>\n","protected":false},"excerpt":{"rendered":"<p><div class=\"et_pb_module df_adh_heading df_adh_heading_0\">\n\t\t\t\t\n\t\t\t\t\n\t\t\t\t\n\t\t\t\t\n\t\t\t\t\n\t\t\t\t\n\t\t\t\t<div class=\"et_pb_module_inner\">\n\t\t\t\t\t<div class=\"df-heading-container\">\r\n                \r\n                \r\n                <h4 class=\"df-heading\"><span class=\"prefix\">NOS CERTIFICATIONS<\/span>  <\/h4>\r\n                \r\n            <\/div>\n\t\t\t\t<\/div>\n\t\t\t<\/div>D\u00e9couvrez notre gamme compl\u00e8te de certifications con\u00e7ues pour propulser votre carri\u00e8re vers de nouveaux sommets. Que vous cherchiez \u00e0 affiner vos comp\u00e9tences techniques, \u00e0 acqu\u00e9rir une expertise sp\u00e9cialis\u00e9e ou \u00e0 vous pr\u00e9parer \u00e0 relever les d\u00e9fis du monde professionnel en constante \u00e9volution, nos programmes de certification offrent les [&hellip;]<\/p>\n","protected":false},"author":1,"featured_media":0,"parent":0,"menu_order":0,"comment_status":"closed","ping_status":"closed","template":"","meta":{"_et_pb_use_builder":"on","_et_pb_old_content":"","_et_gb_content_width":"","_monsterinsights_skip_tracking":false,"_monsterinsights_sitenote_active":false,"_monsterinsights_sitenote_note":"","_monsterinsights_sitenote_category":0,"footnotes":""},"class_list":["post-22","page","type-page","status-publish","hentry"],"yoast_head":"<!-- This site is optimized with the Yoast SEO plugin v27.4 - https:\/\/yoast.com\/product\/yoast-seo-wordpress\/ -->\n<title>Certification - JFN-HUI<\/title>\n<meta name=\"robots\" content=\"index, follow, max-snippet:-1, max-image-preview:large, max-video-preview:-1\" \/>\n<link rel=\"canonical\" href=\"https:\/\/jfn-univ.com\/index.php\/certification\/\" \/>\n<meta property=\"og:locale\" content=\"fr_FR\" \/>\n<meta property=\"og:type\" content=\"article\" \/>\n<meta property=\"og:title\" content=\"Certification - JFN-HUI\" \/>\n<meta property=\"og:description\" content=\"D\u00e9couvrez notre gamme compl\u00e8te de certifications con\u00e7ues pour propulser votre carri\u00e8re vers de nouveaux sommets. Que vous cherchiez \u00e0 affiner vos comp\u00e9tences techniques, \u00e0 acqu\u00e9rir une expertise sp\u00e9cialis\u00e9e ou \u00e0 vous pr\u00e9parer \u00e0 relever les d\u00e9fis du monde professionnel en constante \u00e9volution, nos programmes de certification offrent les [&hellip;]\" \/>\n<meta property=\"og:url\" content=\"https:\/\/jfn-univ.com\/index.php\/certification\/\" \/>\n<meta property=\"og:site_name\" content=\"JFN-HUI\" \/>\n<meta property=\"article:modified_time\" content=\"2025-06-23T11:30:55+00:00\" \/>\n<meta name=\"twitter:card\" content=\"summary_large_image\" \/>\n<meta name=\"twitter:label1\" content=\"Dur\u00e9e de lecture estim\u00e9e\" \/>\n\t<meta name=\"twitter:data1\" content=\"8 minutes\" \/>\n<script type=\"application\/ld+json\" class=\"yoast-schema-graph\">{\"@context\":\"https:\\\/\\\/schema.org\",\"@graph\":[{\"@type\":\"WebPage\",\"@id\":\"https:\\\/\\\/jfn-univ.com\\\/index.php\\\/certification\\\/\",\"url\":\"https:\\\/\\\/jfn-univ.com\\\/index.php\\\/certification\\\/\",\"name\":\"Certification - JFN-HUI\",\"isPartOf\":{\"@id\":\"https:\\\/\\\/jfn-univ.com\\\/#website\"},\"datePublished\":\"2024-07-22T10:18:03+00:00\",\"dateModified\":\"2025-06-23T11:30:55+00:00\",\"breadcrumb\":{\"@id\":\"https:\\\/\\\/jfn-univ.com\\\/index.php\\\/certification\\\/#breadcrumb\"},\"inLanguage\":\"fr-FR\",\"potentialAction\":[{\"@type\":\"ReadAction\",\"target\":[\"https:\\\/\\\/jfn-univ.com\\\/index.php\\\/certification\\\/\"]}]},{\"@type\":\"BreadcrumbList\",\"@id\":\"https:\\\/\\\/jfn-univ.com\\\/index.php\\\/certification\\\/#breadcrumb\",\"itemListElement\":[{\"@type\":\"ListItem\",\"position\":1,\"name\":\"Home\",\"item\":\"https:\\\/\\\/jfn-univ.com\\\/\"},{\"@type\":\"ListItem\",\"position\":2,\"name\":\"Certification\"}]},{\"@type\":\"WebSite\",\"@id\":\"https:\\\/\\\/jfn-univ.com\\\/#website\",\"url\":\"https:\\\/\\\/jfn-univ.com\\\/\",\"name\":\"JFN HUI\",\"description\":\"innovation for a better world\",\"publisher\":{\"@id\":\"https:\\\/\\\/jfn-univ.com\\\/#organization\"},\"potentialAction\":[{\"@type\":\"SearchAction\",\"target\":{\"@type\":\"EntryPoint\",\"urlTemplate\":\"https:\\\/\\\/jfn-univ.com\\\/?s={search_term_string}\"},\"query-input\":{\"@type\":\"PropertyValueSpecification\",\"valueRequired\":true,\"valueName\":\"search_term_string\"}}],\"inLanguage\":\"fr-FR\"},{\"@type\":\"Organization\",\"@id\":\"https:\\\/\\\/jfn-univ.com\\\/#organization\",\"name\":\"JFN hui\",\"url\":\"https:\\\/\\\/jfn-univ.com\\\/\",\"logo\":{\"@type\":\"ImageObject\",\"inLanguage\":\"fr-FR\",\"@id\":\"https:\\\/\\\/jfn-univ.com\\\/#\\\/schema\\\/logo\\\/image\\\/\",\"url\":\"https:\\\/\\\/jfn-univ.com\\\/wp-content\\\/uploads\\\/2024\\\/07\\\/jfn-hui-logo.png\",\"contentUrl\":\"https:\\\/\\\/jfn-univ.com\\\/wp-content\\\/uploads\\\/2024\\\/07\\\/jfn-hui-logo.png\",\"width\":198,\"height\":52,\"caption\":\"JFN hui\"},\"image\":{\"@id\":\"https:\\\/\\\/jfn-univ.com\\\/#\\\/schema\\\/logo\\\/image\\\/\"}}]}<\/script>\n<!-- \/ Yoast SEO plugin. -->","yoast_head_json":{"title":"Certification - JFN-HUI","robots":{"index":"index","follow":"follow","max-snippet":"max-snippet:-1","max-image-preview":"max-image-preview:large","max-video-preview":"max-video-preview:-1"},"canonical":"https:\/\/jfn-univ.com\/index.php\/certification\/","og_locale":"fr_FR","og_type":"article","og_title":"Certification - JFN-HUI","og_description":"D\u00e9couvrez notre gamme compl\u00e8te de certifications con\u00e7ues pour propulser votre carri\u00e8re vers de nouveaux sommets. Que vous cherchiez \u00e0 affiner vos comp\u00e9tences techniques, \u00e0 acqu\u00e9rir une expertise sp\u00e9cialis\u00e9e ou \u00e0 vous pr\u00e9parer \u00e0 relever les d\u00e9fis du monde professionnel en constante \u00e9volution, nos programmes de certification offrent les [&hellip;]","og_url":"https:\/\/jfn-univ.com\/index.php\/certification\/","og_site_name":"JFN-HUI","article_modified_time":"2025-06-23T11:30:55+00:00","twitter_card":"summary_large_image","twitter_misc":{"Dur\u00e9e de lecture estim\u00e9e":"8 minutes"},"schema":{"@context":"https:\/\/schema.org","@graph":[{"@type":"WebPage","@id":"https:\/\/jfn-univ.com\/index.php\/certification\/","url":"https:\/\/jfn-univ.com\/index.php\/certification\/","name":"Certification - JFN-HUI","isPartOf":{"@id":"https:\/\/jfn-univ.com\/#website"},"datePublished":"2024-07-22T10:18:03+00:00","dateModified":"2025-06-23T11:30:55+00:00","breadcrumb":{"@id":"https:\/\/jfn-univ.com\/index.php\/certification\/#breadcrumb"},"inLanguage":"fr-FR","potentialAction":[{"@type":"ReadAction","target":["https:\/\/jfn-univ.com\/index.php\/certification\/"]}]},{"@type":"BreadcrumbList","@id":"https:\/\/jfn-univ.com\/index.php\/certification\/#breadcrumb","itemListElement":[{"@type":"ListItem","position":1,"name":"Home","item":"https:\/\/jfn-univ.com\/"},{"@type":"ListItem","position":2,"name":"Certification"}]},{"@type":"WebSite","@id":"https:\/\/jfn-univ.com\/#website","url":"https:\/\/jfn-univ.com\/","name":"JFN HUI","description":"innovation for a better world","publisher":{"@id":"https:\/\/jfn-univ.com\/#organization"},"potentialAction":[{"@type":"SearchAction","target":{"@type":"EntryPoint","urlTemplate":"https:\/\/jfn-univ.com\/?s={search_term_string}"},"query-input":{"@type":"PropertyValueSpecification","valueRequired":true,"valueName":"search_term_string"}}],"inLanguage":"fr-FR"},{"@type":"Organization","@id":"https:\/\/jfn-univ.com\/#organization","name":"JFN hui","url":"https:\/\/jfn-univ.com\/","logo":{"@type":"ImageObject","inLanguage":"fr-FR","@id":"https:\/\/jfn-univ.com\/#\/schema\/logo\/image\/","url":"https:\/\/jfn-univ.com\/wp-content\/uploads\/2024\/07\/jfn-hui-logo.png","contentUrl":"https:\/\/jfn-univ.com\/wp-content\/uploads\/2024\/07\/jfn-hui-logo.png","width":198,"height":52,"caption":"JFN hui"},"image":{"@id":"https:\/\/jfn-univ.com\/#\/schema\/logo\/image\/"}}]}},"lang":"fr","translations":{"fr":22},"pll_sync_post":[],"_links":{"self":[{"href":"https:\/\/jfn-univ.com\/index.php\/wp-json\/wp\/v2\/pages\/22","targetHints":{"allow":["GET"]}}],"collection":[{"href":"https:\/\/jfn-univ.com\/index.php\/wp-json\/wp\/v2\/pages"}],"about":[{"href":"https:\/\/jfn-univ.com\/index.php\/wp-json\/wp\/v2\/types\/page"}],"author":[{"embeddable":true,"href":"https:\/\/jfn-univ.com\/index.php\/wp-json\/wp\/v2\/users\/1"}],"replies":[{"embeddable":true,"href":"https:\/\/jfn-univ.com\/index.php\/wp-json\/wp\/v2\/comments?post=22"}],"version-history":[{"count":24,"href":"https:\/\/jfn-univ.com\/index.php\/wp-json\/wp\/v2\/pages\/22\/revisions"}],"predecessor-version":[{"id":282262,"href":"https:\/\/jfn-univ.com\/index.php\/wp-json\/wp\/v2\/pages\/22\/revisions\/282262"}],"wp:attachment":[{"href":"https:\/\/jfn-univ.com\/index.php\/wp-json\/wp\/v2\/media?parent=22"}],"curies":[{"name":"wp","href":"https:\/\/api.w.org\/{rel}","templated":true}]}}